tors of 95463?
3, 10607
What are the prime factors of 3282166?
2, 61, 26903
What are the prime factors of 258469?
258469
List the prime factors of 386106.
2, 3, 7, 29, 317
List the prime factors of 190993.
11, 97, 179
List the prime factors of 692842.
2, 346421
List the prime factors of 217129.
11, 19739
List the prime factors of 27910042.
2, 167, 83563
List the prime factors of 2668031.
17, 156943
What are the prime factors of 477378?
2, 3, 11, 2411
List the prime factors of 14429.
47, 307
List the prime factors of 89497.
31, 2887
List the prime factors of 146798.
2, 29, 2531
List the prime factors of 323193.
3, 13, 8287
What are the prime factors of 7251299?
11, 17, 2281
List the prime factors of 12472376.
2, 7, 283, 787
List the prime factors of 2162806.
2, 1081403
What are the prime factors of 3855295?
5, 431, 1789
List the prime factors of 23175123.
3, 307, 25163
List the prime factors of 9296534.
2, 13, 357559
List the prime factors of 117947.
79, 1493
What are the prime factors of 10573100?
2, 5, 23, 4597
What are the prime factors of 201925?
5, 41, 197
List the prime factors of 3111741.
3, 345749
List the prime factors of 685343.
53, 67, 193
What are the prime factors of 620865?
3, 5, 7, 73
List the prime factors of 672520.
2, 5, 17, 23, 43
What are the prime factors of 4010965?
5, 7, 114599
What are the prime factors of 14271923?
59, 71, 3407
What are the prime factors of 2859066?
2, 3, 7, 22691
What are the prime factors of 1580638?
2, 103, 7673
What are the prime factors of 3405387?
3, 1135129
List the prime factors of 11286918.
2, 3, 197, 1061
What are the prime factors of 1114576?
2, 69661
What are the prime factors of 12323670?
2, 3, 5, 410789
What are the prime factors of 150503?
150503
What are the prime factors of 1010073?
3, 31, 10861
List the prime factors of 12678354.
2, 3, 13, 54181
What are the prime factors of 1966634?
2, 983317
What are the prime factors of 10355076?
2, 3, 19, 15139
What are the prime factors of 2228936?
2, 278617
List the prime factors of 77294.
2, 7, 5521
What are the prime factors of 4924648?
2, 19, 179, 181
List the prime factors of 90747.
3, 3361
List the prime factors of 1050411.
3, 350137
List the prime factors of 603869.
7, 281, 307
List the prime factors of 7113973.
17, 31, 13499
What are the prime factors of 2634329?
337, 7817
What are the prime factors of 179406?
2, 3, 9967
List the prime factors of 235484.
2, 17, 3463
What are the prime factors of 1276519?
257, 4967
List the prime factors of 145866.
2, 3, 7, 23, 151
List the prime factors of 3993194.
2, 113, 17669
What are the prime factors of 3183273?
3, 117899
What are the prime factors of 3858973?
31, 281, 443
What are the prime factors of 233483?
149, 1567
What are the prime factors of 4497920?
2, 5, 7, 251
List the prime factors of 3039820.
2, 5, 7, 21713
List the prime factors of 687087.
3, 76343
What are the prime factors of 1805612?
2, 587, 769
What are the prime factors of 541015?
5, 108203
List the prime factors of 539898.
2, 3, 89983
List the prime factors of 9818207.
7, 397, 3533
What are the prime factors of 30761768?
2, 3845221
What are the prime factors of 457760?
2, 5, 2861
List the prime factors of 730635.
3, 5, 67, 727
List the prime factors of 775031.
23, 31, 1087
List the prime factors of 474246.
2, 3, 26347
List the prime factors of 21350.
2, 5, 7, 61
List the prime factors of 1124592.
2, 3, 7, 3347
What are the prime factors of 2701268?
2, 19, 35543
List the prime factors of 411563.
411563
List the prime factors of 2121397.
61, 83, 419
What are the prime factors of 11896295?
5, 2379259
List the prime factors of 660615.
3, 5, 44041
What are the prime factors of 378704?
2, 23669
What are the prime factors of 1994694?
2, 3, 13, 107, 239
What are the prime factors of 746308?
2, 43, 4339
What are the prime factors of 12269150?
2, 5, 245383
What are the prime factors of 12175885?
5, 151, 16127
What are the prime factors of 434507?
29, 14983
What are the prime factors of 2625624?
2, 3, 36467
What are the prime factors of 262411?
262411
List the prime factors of 2200452.
2, 3, 233, 787
What are the prime factors of 1298613?
3, 17, 25463
List the prime factors of 458099.
17, 26947
List the prime factors of 9113605.
5, 151, 12071
List the prime factors of 553341.
3, 184447
List the prime factors of 1923025.
5, 13, 61, 97
What are the prime factors of 11054442?
2, 3, 7, 263201
What are the prime factors of 2272?
2, 71
List the prime factors of 265304.
2, 13, 2551
What are the prime factors of 1133453?
31, 36563
What are the prime factors of 1753515?
3, 5, 31, 419
What are the prime factors of 4045417?
4045417
List the prime factors of 3411744.
2, 3, 7, 5077
List the prime factors of 197393.
7, 163, 173
List the prime factors of 12973066.
2, 31, 83, 2521
What are the prime factors of 1224112?
2, 76507
List the prime factors of 621926.
2, 149, 2087
List the prime factors of 859813.
101, 8513
What are the prime factors of 202042?
2, 101021
What are the prime factors of 3428230?
2, 5, 13, 26371
List the prime factors of 453909.
3, 151303
List the prime factors of 1285845.
3, 5, 11, 7793
What are the prime factors of 7731233?
19, 406907
What are the prime factors of 142307?
11, 17, 761
List the prime factors of 4404118.
2, 1019, 2161
List the prime factors of 1151622.
2, 3, 137, 467
List the prime factors of 133498.
2, 66749
What are the prime factors of 460651?
277, 1663
List the prime factors of 40491.
3, 11, 409
What are the prime factors of 410580?
2, 3, 5, 2281
What are the prime factors of 188186?
2, 23, 4091
What are the prime factors of 344739?
3, 114913
What are the prime factors of 4484442?
2, 3, 747407
List the prime factors of 10336946.
2, 73, 101, 701
What are the prime factors of 1135247?
1135247
What are the prime factors of 18388464?
2, 3, 101, 3793
List the prime factors of 148665.
3, 5, 11, 17, 53
What are the prime factors of 118187?
73, 1619
List the prime factors of 706210.
2, 5, 70621
List the prime factors of 1148424.
2, 3, 109, 439
List the prime factors of 1926641.
23, 211, 397
What are the prime factors of 3584020?
2, 5, 11, 1481
What are the prime factors of 4609965?
3, 5, 59, 5209
List the prime factors of 1263496.
2, 13, 12149
List the prime factors of 269146.
2, 23, 5851
List the prime factors of 451221.
3, 150407
List the prime factors of 2910484.
2, 727621
What are the prime factors of 37088993?
59, 197, 3191
What are the prime factors of 28530030?
2, 3, 5, 951001
What are the prime factors of 71134?
2, 7, 5081
List the prime factors of 183477.
3, 7, 8737
What are the prime factors of 4320668?
2, 11, 79, 113
List the prime factors of 169835.
5, 33967
List the prime factors of 1212234.
2, 3, 281, 719
What are the prime factors of 1909820?
2, 5, 11, 8681
What are the prime factors of 3536724?
2, 3, 29, 10163
What are the prime factors of 3792659?
13, 291743
List the prime factors of 8831736.
2, 3, 122663
What are the prime factors of 2680268?
2, 67, 73, 137
What are the prime factors of 286456?
2, 61, 587
List the prime factors of 363754.
2, 31, 5867
List the prime factors of 181657.
7, 25951
What are the prime factors of 113984?
2, 13, 137
What are the prime factors of 117980?
2, 5, 17, 347
What are the prime factors of 493937?
493937
List the prime factors of 2463096.
2, 3, 17, 6037
What are the prime factors of 22325716?
2, 7, 79, 10093
List the prime factors of 24193249.
24193249
List the prime factors of 280973.
7, 11, 41, 89
What are the prime factors of 1335515?
5, 37, 7219
List the prime factors of 288029.
7, 23, 1789
List the prime factors of 2848989.
3, 11, 13, 29, 229
What are the prime factors of 5375047?
5375047
List the prime factors of 756240.
2, 3, 5, 23, 137
List the prime factors of 10649540.
2, 5, 11, 48407
What are the prime factors of 228051?
3, 25339
List the prime factors of 957842.
2, 41, 11681
What are the prime factors of 3879483?
3, 587, 2203
What are the prime factors of 491899?
491899
List the prime factors of 478503.
3, 79, 673
List the prime factors of 9079768.
2, 17, 66763
What are the prime factors of 1595376?
2, 3, 1231
List the prime factors of 65937.
3, 31, 709
What are the prime factors of 1153370?
2, 5, 115337
What are the prime factors of 5571278?
2, 2785639
List